2 = b, 2*b - 3*l = -16. List the prime factors of x(b).
2, 3, 7
List the prime factors of (-489)/(-12) - 1/(-4).
41
Suppose 4*r = 2*r + 16. Let u = -6 + r. Suppose -14 + u = -4*f. What are the prime factors of f?
3
Let l = 49 + -39. What are the prime factors of (13 - l)/((-6)/(-88))?
2, 11
Let f be -1 + (-5 - -2 - -4). Suppose -12 = 3*r - f. List the prime factors of (2 + r)*(-102)/12.
17
Let z be 4/(-1 + (-32)/(-28)). Let k be ((-3)/2)/((-21)/z). Suppose -k*r + 6*r = 32. What are the prime factors of r?
2
List the prime factors of (-4)/1 - -278 - -4.
2, 139
Suppose 62 = -13*k + 1466. Suppose 5*v - 2*v = 225. Let g = k - v. List the prime factors of g.
3, 11
Suppose -3*a + 9 = -0. List the prime factors of (-1)/((-5)/140) - a.
5
Let h = 103 + -99. Suppose -h*r = -4*f - 0*r + 800, 3*r - 600 = -3*f. List the prime factors of f.
2, 5
Let l(h) = 22*h**3 + 3*h**2 - 4*h - 16. What are the prime factors of l(4)?
2, 89
Let a(q) = -q**3 - 14*q**2 + 4*q - 34. Let n be a(-16). Suppose 0*h - 3*h - 4*o = -262, 5*h - n = -o. What are the prime factors of h?
2, 41
Let h(y) = 6*y**2 - 5 + 2*y + 0*y**2 - 3*y**2. List the prime factors of h(-5).
2, 3, 5
Suppose 0 = -4*h - 9 + 1. Let x(u) = -168*u + 8. What are the prime factors of x(h)?
2, 43
List the prime factors of (-15)/(-6) + -1 - (-1754)/4.
2, 5, 11
What are the prime factors of (0 - 3) + (1606 - 8 - -11)?
2, 11, 73
Suppose 0 = -62*g + 57*g + 3560. List the prime factors of g.
2, 89
Let k = 16 + 32. Suppose -3*t - k + 213 = 0. Suppose 0 = -o + b + 21, b + 35 + t = 4*o. List the prime factors of o.
23
Let q = -242 + 498. Suppose -5*a + 293 = 4*k, a + 4*k + q = 5*a. Suppose a = u + 17. List the prime factors of u.
2, 11
Let u(a) = -2*a**2 - 17*a + 11. Let f be u(-9). Suppose 0 = -3*v + 2*p + 295, -4*p = f*v - 164 - 38. What are the prime factors of v?
3, 11
Let u(m) = m**3 + 36*m**2 - 2*m + 232. What are the prime factors of u(-36)?
2, 19
Let m(d) = -d**3 - 12*d**2 + 9*d - 23. List the prime factors of m(-13).
29
Let p(w) = 112*w**2 - 8*w. What are the prime factors of p(1)?
2, 13
What are the prime factors of -3*(-5788)/12 - 24/4?
11, 131
Let b be (3 - 10)*(-6)/7. Let h(p) = -p**2 + 8*p - 12. Let q be h(b). Suppose 45 = -q*i + i. What are the prime factors of i?
3, 5
Let m = -484 + 1136. What are the prime factors of m?
2, 163
Suppose 199*q = 197*q + 956. List the prime factors of q.
2, 239
Suppose -2*m + 351 = 10*v - 5*v, m = 4*v + 143. List the prime factors of m.
163
Suppose -30 - 33 = -3*c. Let j(v) = -3*v - 5. Let y be j(4). Let a = y + c. What are the prime factors of a?
2
List the prime factors of (-419430)/(-90) - 6/(-9).
59, 79
Suppose 0 = 2*t - 0*a + 2*a - 5414, -2701 = -t + 2*a. What are the prime factors of t?
5, 541
Suppose 0 = -4*j + j - 3*x + 519, -x + 527 = 3*j. What are the prime factors of j?
3, 59
Suppose -2*w - 4*m - 998 = -3*w, 2*w = 4*m + 1976. What are the prime factors of w?
2, 3, 163
Suppose f + 2*f + 5*u = 139, -4*f - 4*u = -172. List the prime factors of f.
2, 19
Let q = -926 + 2040. What are the prime factors of q?
2, 557
Let z(o) = -14*o**2 + 12*o - 3. Let i be z(5). List the prime factors of ((-4)/8)/(i/146 - -2).
73
Suppose -62 = 3*p - a, 17 = -4*p - 3*a - 44. Let o = 10 + p. What are the prime factors of (-1)/3 - 48/o?
5
Let s = -13 + 5. Let m = 73 - s. What are the prime factors of m?
3
Let l = -2232 + 6829. What are the prime factors of l?
4597
Suppose -6*l + 1016 = -2*l + 2*b, 247 = l + 4*b. What are the prime factors of l?
3, 5, 17
Suppose 0 = 4*j - 3*m - 19, -j + 0*j + 5*m + 9 = 0. What are the prime factors of 1/(-4*j/(-1504))?
2, 47
Suppose -1 = -7*z + 41. Suppose 0 = b + 8 - z. List the prime factors of b/10 + 321/5.
2
Suppose 4*m + 2*r = 384 + 62, r = -1. List the prime factors of m.
2, 7
Let g(u) = 175*u**3 - 2*u**2 + 3*u - 1. Let n be 60/45 - (-1)/(-3). What are the prime factors of g(n)?
5, 7
Suppose -4*j = -3*j - 1920. What are the prime factors of j?
2, 3, 5
Suppose 0 = 3*z - 4*z. Suppose 5*m + 3*f - 77 = 0, 2*m - f = -z*m + 22. Suppose -m = -4*h + 47. List the prime factors of h.
3, 5
Let k(w) = -w - 5 + 20*w**2 + 10 - 6. List the prime factors of k(-1).
2, 5
Let g(v) = v + 1. Let a be g(1). Suppose a*n = 206 + 128. What are the prime factors of n?
167
Let o(s) be the first derivative of 5*s**2/2 - 15*s - 2. Let b be o(6). Suppose -2*g = -19 - b. List the prime factors of g.
17
What are the prime factors of (1 - (-1)/(15/51))*5?
2, 11
Suppose -6*t + 10*t - 1216 = 0. Suppose 0 = 5*g + v - 380, 2*v - v + t = 4*g. List the prime factors of g.
2, 19
Suppose 0 = 2*y - 22. Suppose 5*m = y + 29. Let b = 11 - m. What are the prime factors of b?
3
Suppose 0 = -4*z + 188 + 128. Let l = z - 22. List the prime factors of l.
3, 19
Let w(c) = -c + 9. Let b be w(7). Suppose -b*k - k + 369 = 0. Suppose 17 + k = 5*u + 4*g, -g = -u + 28. What are the prime factors of u?
2, 7
List the prime factors of ((-666)/27)/(2/(-30)).
2, 5, 37
Let u(s) = 3*s**2 - 35*s + 123. List the prime factors of u(23).
5, 181
Suppose 0 = 2*c + 3*t + 22, -2*t = -c + 3*t + 15. Let p(r) be the second derivative of -5*r**3/6 + 2*r**2 - 4*r + 5. List the prime factors of p(c).
29
Let r = 50 + -26. Let g = r - -139. List the prime factors of g.
163
Let r(h) = -15*h - 28. List the prime factors of r(-10).
2, 61
What are the prime factors of 12/16 - 18024/(-32)?
2, 3, 47
Suppose 1000 = 4*q + q - 2*j, 5*j = 3*q - 600. Suppose 3*b + b = q. List the prime factors of b.
2, 5
Suppose -282 = -4*k + 4*p - 5*p, 3*k - 5*p = 223. What are the prime factors of k?
71
Let x(q) = q. Let z(r) = 67*r - 49. Let i(m) = 4*x(m) + z(m). What are the prime factors of i(4)?
5, 47
Suppose 0 = -2*s - 4, -4*b + 18 = -2*b + 4*s. List the prime factors of b.
13
Suppose 3 = o - 3*l, 3*l - 6*l = 5*o + 21. Let x = 8 + o. Suppose x - 21 = -2*f. List the prime factors of f.
2
Let v be 4/12 + (-56)/(-3). Let r = v + -26. Let l(w) = w**2 + 2*w + 16. What are the prime factors of l(r)?
3, 17
Suppose -2*h - 3*a = -698, 4*h - 1360 = -3*a + 6*a. What are the prime factors of h?
7
Let k = 114 + 228. What are the prime factors of k?
2, 3, 19
What are the prime factors of 2/(-8) + 0 + 6290/8?
2, 3, 131
Suppose 9*r = 11*r. Suppose 2*c - 3*v - 21 = r, v = c - 6 - 5. Suppose -p + c + 41 = 0. What are the prime factors of p?
53
Suppose 4 = -t, t - 139 = 5*i + 32. Suppose -2*k - 3*k - 135 = 0. Let v = k - i. What are the prime factors of v?
2
Suppose 1048 = -162*v + 163*v. What are the prime factors of v?
2, 131
Suppose -5 = 8*h - 1405. Suppose a - 5*k - h = -4*a, -k = -2. List the prime factors of a.
37
Let f(r) = 20*r**3 + r**2 - r + 1. Let b be f(1). Suppose 51 = 6*p - b. What are the prime factors of (-16)/(4/p*-2)?
2, 3
Let o = 168 - -16. List the prime factors of o.
2, 23
Suppose -5*v - 195 + 1525 = 0. Suppose -v + 26 = 4*h. What are the prime factors of (18/(-15))/(8/h)?
3
Let n = 10 - 10. Suppose -4*a - 5*f = -8 - 22, -4*a - 4*f + 32 = n. Suppose 0 = 2*l - 0*l - a. List the prime factors of l.
5
Let y(f) be the third derivative of -f**5/60 + f**4/4 - f**3/2 + f**2. Let t be (-2)/20*2 - 11/(-5). What are the prime factors of y(t)?
5
Let f be 1/(2 - (-845)/(-420)). Let o = -4 - f. What are the prime factors of o?
2, 5
Suppose 9*s = 17*s - 16. Suppose z - s*v = 218, -2*v - 1090 = -5*z + 2*v. List the prime factors of z.
2, 109
Let x = 4 + 1. Suppose 0 = x*l - 7 - 273. Let q = l - 33. List the prime factors of q.
23
Let t(d) = 2*d**3 + 2*d. Let h be t(4). Let z = 12 + h. List the prime factors of z.
2, 37
Let i be (-210)/(-49) + (-6)/21. List the prime factors of (42/i)/(5/40).
2, 3, 7
Let g be (-95)/6 - 1/6. List the prime factors of (2163/(-84))/(34/g + 2).
2, 103
Suppose 2*z + 3885 = 7*z - 5*d, 5*z - 3925 = -5*d. What are the prime factors of z?
11, 71
Let d(q) be the first derivative of q**3/3 + q**2/2 - 6*q - 1. Let z(k) = -6*k - 126. Let g be z(-20). List the prime factors of d(g).
2, 3
Let z = 32 + -28. Suppose -4*b = z*k - 328, -2*k + 4*b + 109 = -79. What are the prime factors of k?
2, 43
Suppose -183 = -2*v + 29. Suppose -6*m + v + 692 = 0. List the prime factors of m.
7, 19
Let o(p) = 28*p**2 + 2*p - p**3 - 13*p**2 + 6*p - 12 + 16*p. List the prime factors of o(16).
2, 29
Suppose -k + 3*k - 4 = 0. Suppose 0 = 2*j + k*j - 5*f - 50, -10